r = -1229 - -2793. What is the hundreds digit of r?
5
Let p(g) = 3*g**3 + g**3 + 0*g - g**2 + 0*g + g - 1. Let i be p(2). Let h = 56 - i. What is the units digit of h?
7
Let h(n) = 3*n**2 - 19*n - 17. Suppose 2*d - 17 - 21 = -4*f, 0 = -2*f - 4*d + 16. What is the tens digit of h(f)?
9
Let a = -13 - -232. What is the tens digit of a?
1
Suppose 5*c = 4*c + 1501. What is the hundreds digit of c?
5
Let l(g) = -65*g - 35. Let s be l(-14). Suppose 6*k - s = 145. What is the hundreds digit of k?
1
Suppose 147 = 6*n - 3*n. Let w be (-1)/(-2)*(-51 - -1). Let v = w + n. What is the units digit of v?
4
Suppose 2*b - 70 = 5*g - 2*g, -3*b + 139 = 4*g. Let w = 226 + -143. Let k = w - b. What is the tens digit of k?
4
Let i be 3 + (3 + (-32)/12)*-327. Let g = -31 - i. What is the units digit of g?
5
Let j = 17 + -13. Suppose 100 = 2*q - 2*a, -3*q + j*a + 143 = -5. What is the tens digit of q?
5
Let w be 52*1 + -1 + 3. Let x = w - 34. Suppose x = s + s. What is the tens digit of s?
1
Suppose -3*p + 3605 = 4*r, 2*p = -4*r + 5062 - 1460. What is the tens digit of r?
9
Let q(r) = 33*r**3 + 7*r**2 - 4*r + 24. What is the thousands digit of q(4)?
2
Let m(a) = 5*a**2 - 14*a + 21. What is the units digit of m(-13)?
8
Suppose 0 = -5*k + b - 170 + 975, -5*k + 5*b = -785. What is the hundreds digit of k?
1
Suppose -3*x - 9 + 24 = 0. Suppose -284 = -3*w + w - x*k, 6 = 3*k. What is the units digit of w?
7
Suppose 0 = y - 3*y + 10. Suppose -v - 5*b - y = -6*v, 3*v + 4*b = 31. Suppose v*x - 84 = 2*x. What is the units digit of x?
8
Let w(s) = s**2 + 10*s - 11. Let k be w(-12). Suppose c + 11 = k. What is the units digit of c?
2
Let i = 141 - 145. What is the tens digit of i*1*(11 + -100)?
5
Let o = 444 - 215. What is the hundreds digit of o?
2
Let r(h) = 2*h**2 + 6*h - 17. Let z(b) = b**3 + 3*b**2 - 3*b + 9. Let k be z(-4). What is the units digit of r(k)?
3
Let g = 11 - -188. Let a = -142 + g. Suppose -2*o + 55 = -a. What is the units digit of o?
6
Let v(s) = -s**3 - 9*s**2 + 15*s + 24. Let n be v(-12). Let y = n + -151. What is the units digit of y?
5
Let q(y) = y**3 - 5*y**2 + 4*y + 3. Let a be q(4). Suppose -2*z - 10 = a*z, -f - 2*z + 38 = 0. What is the units digit of f?
2
Let x(v) = 403*v + 32. What is the thousands digit of x(10)?
4
Let l be (1/((-3)/(-4)))/((-11)/(-132)). Let u be 4/(-2)*(-33)/6. Let y = l - u. What is the units digit of y?
5
Let a(d) = 64*d**2 + d - 1. Let h be a(1). Let i = h + -13. Let s = i + -19. What is the units digit of s?
2
Suppose v + 296 = z, 7 = 3*v - 5. Suppose 4*s = -s + z. What is the units digit of s?
0
Let s be -2 + -2 + (2 - -2). Suppose -4*a + 2*q - 30 = s, a - 4*q + 6 = -2*q. Let r(i) = i**3 + 9*i**2 + 1. What is the tens digit of r(a)?
6
Let i(x) = -x**3 - 12*x**2 - 11*x - 6. Let z be i(-11). Let p(t) = 3*t**2 - t + 5*t + 1 - 2*t**2. What is the units digit of p(z)?
3
Suppose 3*q - 5*m = 4 + 9, 23 = q + 3*m. Let y(a) = 2*a**2 - 8*a - 34. What is the tens digit of y(q)?
2
Suppose 4*j - g - 34 = -3*g, -5*g = j - 31. Suppose 2*p = j*p - 8. Suppose 3*h + 38 = 5*x, 4*x - 12 = 2*x - p*h. What is the units digit of x?
7
Suppose 0 = 5*q + 16 - 16. Suppose 7*s - 28 - 133 = q. What is the tens digit of s?
2
What is the hundreds digit of (-3 - 36)/((-117)/14469)?
8
Suppose 32*m - 13827 = 7005. What is the tens digit of m?
5
Suppose y + 0*y - 6 = 0. Suppose -3*s - y = -o, 0*s = 3*o - 3*s - 30. What is the units digit of o?
2
Suppose -4*u = -t - 91 - 189, -t = 0. Suppose c - 3 = -5*f - 12, -5*c - 2*f + u = 0. Suppose 0*g - 2*g + c = 0. What is the units digit of g?
8
Suppose 5*x = 117 + 1893. Suppose -x - 401 = -11*i. What is the units digit of i?
3
What is the tens digit of (378/(-35))/(10/(-425))?
5
Let j = 46 + -52. What is the hundreds digit of -2 + 1 + j + 3 + 158?
1
Let f be (-5580)/(-54) - (-1)/(-3). Suppose 3*g + 13 = f. What is the units digit of g?
0
Let u = 45 + -51. What is the tens digit of u + (-1704)/(-20) + 8/10?
8
Let o = 889 + -156. What is the hundreds digit of o?
7
Let a(n) = 69*n**2 - 9*n + 3. What is the tens digit of a(-5)?
7
Let m(f) be the third derivative of 97*f**6/60 - f**5/30 + f**3/3 - 35*f**2. What is the tens digit of m(1)?
9
Suppose 0 = -6*x + 10*x - 8. Suppose x*u = 6, -12 + 95 = 2*d + 5*u. What is the units digit of d?
4
Suppose -h + 295 = 2*p, 0*p - 297 = -2*p - 3*h. What is the units digit of p?
7
Suppose -13 = -3*p - 2*g + 78, -4*g = p - 17. What is the tens digit of 5/15*p*2?
2
Let p(o) = -o**2 + 11*o - 3. Let l be p(8). What is the tens digit of (l/(-2))/(13/(-26))?
2
What is the tens digit of (22/(-8)*-2)/((-6)/(-984))?
0
Let y be (59/2 + -1)*48/(-8). Let g = y + 410. What is the tens digit of g?
3
Let b(y) = -110 - y - 7*y + 97. What is the tens digit of b(-6)?
3
Suppose -4*l + 1001 = -1207. What is the units digit of l?
2
Suppose 0 = -2*q - 4*q. Suppose -3*s + 5*m + 578 = q, -3*s + 4*m + 384 = -s. Suppose -4*b + s = 3*b. What is the tens digit of b?
2
Suppose -42*s = -46*s + 564. What is the tens digit of s?
4
Let p be 42/8 - (-9)/12. Let u(s) = 19 + 0 + s + p + 0. What is the units digit of u(0)?
5
Let t = 1040 - 617. What is the hundreds digit of t?
4
Let g = -47 - -59. What is the tens digit of g*-4*4/(-3)?
6
Let h(k) = 3*k**2 + 32*k - 846. What is the hundreds digit of h(40)?
2
Suppose -8 = -0*i - 2*i. Suppose 2*w = 3*h + 13, 0*w + i*h + 4 = w. What is the units digit of w?
8
Suppose -2*u + 5784 = 10*u. What is the hundreds digit of u?
4
Let v be -3*((-3)/(-3)*1)/(-1). Suppose v*j = -40 + 280. What is the tens digit of j?
8
Let b(g) = -4*g - 5. Let f be b(-2). Let r be 21/5 - f/15. Suppose -6*i + r*i = -2. What is the units digit of i?
1
Let g be (-9)/4*(-24)/18. Let z = 5 - g. What is the tens digit of z/(-2)*(-4 + -37)?
4
Let x(g) = 4*g. Let v be x(12). Suppose -7*j = -3*j + v. Let f = 20 + j. What is the units digit of f?
8
Suppose -2*m + 5*g + 3480 = 0, 5*m - 6*m + 1714 = 4*g. What is the hundreds digit of m?
7
Suppose -2*z + 2067 = g - 78, -2*g - 3*z + 4288 = 0. What is the units digit of g?
1
Let v(o) = o**3 - 3*o**2 + 4. Let d be v(3). Suppose d + 2 = 3*a. Suppose x - 43 = -4*n + 4*x, -a*x + 45 = 3*n. What is the tens digit of n?
1
Suppose 5*b + 5*m - 2675 = 0, 5*b + 11*m - 2681 = 12*m. What is the hundreds digit of b?
5
Suppose 8*s + 2165 = 5*p + 9*s, 4*s + 1299 = 3*p. What is the tens digit of p?
3
Let u(k) = -k**2 + k - 1. Let n(i) = 3*i**2 - i - 15. Let a(w) = n(w) - 5*u(w). What is the tens digit of a(4)?
9
Let r be 4/14 + 410/35. Let f = -3 + r. Let t = -1 + f. What is the units digit of t?
8
Let m be (-2)/(-3) + (-31)/(-3). Let t = m - 5. Suppose 4 = -w, w = 2*v - 0*w - t. What is the units digit of v?
1
Suppose 42*j + 1605 - 51207 = 0. What is the tens digit of j?
8
Suppose f - 7 - 10 = 0. Let j(r) = 12*r - 45. What is the hundreds digit of j(f)?
1
Suppose -3*f + 5*w = -5797, -4*w + 1 = 9. What is the thousands digit of f?
1
Suppose 26 = -4*x - 5*g, -x = -0*x + 4*g + 12. Let u be (x/(-6))/((-1)/(-6)). Suppose 0*j + u*j = 84. What is the units digit of j?
1
Let u = 34 - 32. Suppose -u*y - 10 = -230. What is the tens digit of y?
1
Let s(x) = 2*x - 8. Suppose 0 = 2*b + 10 - 4. Let i be (b*14/(-6))/1. What is the units digit of s(i)?
6
Let r(v) be the third derivative of -v**4/12 + 5*v**3/6 + 2*v**2. Let k = -5 + 0. What is the units digit of r(k)?
5
Suppose -2*m + 5*q = -15, q - 8 = -m - 4. Suppose -4*i - m*c = i - 460, -c + 280 = 3*i. What is the tens digit of i?
9
Suppose 2*n = 3*r + r - 12, -3*r + n + 9 = 0. Suppose -r*v + 12 = -63. What is the units digit of 12/16 - v/(-4)?
7
Let p(u) = 20*u. Suppose 5*j = -8*j + 13. What is the units digit of p(j)?
0
Suppose 0 = -4*g + 1742 + 4142. What is the tens digit of g?
7
Let q(z) = -2*z**3 - 5*z**2 - 3*z - 12. Let v be (-8)/44 + 84/(-22). What is the tens digit of q(v)?
4
Let g = -2 - -4. Suppose 24 = g*t - 18. What is the units digit of ((-98)/t)/(2/(-3))?
7
Let i = -373 + 720. What is the units digit of i?
7
Let x(d) = -13*d + 7. Let n(u) = 20*u - 10. Let o = -10 - -17. Let k(c) = o*x(c) + 5*n(c). What is the units digit of k(1)?
8
Let u(l) be the third derivative of l**5/30 + l**4/6 + 7*l**3/3 + l**2. Let p(d) = 38*d + 260. Let j be p(-7). What is the tens digit of u(j)?
6
Suppose 0 = -t + 3*t + 8. Let f be (-2)/4*t/1. Suppose 0